{"id":95,"date":"2017-08-18T17:43:29","date_gmt":"2017-08-18T15:43:29","guid":{"rendered":"http:\/\/ecolesainteanne.bzh\/?page_id=95"},"modified":"2025-02-10T15:49:12","modified_gmt":"2025-02-10T14:49:12","slug":"projet-pastorale","status":"publish","type":"page","link":"https:\/\/ecolesainteanne.bzh\/index.php\/projet-pastorale\/","title":{"rendered":"Projet pastoral"},"content":{"rendered":"<p>[et_pb_section fb_built=\u00a0\u00bb1&Prime; fullwidth=\u00a0\u00bbon\u00a0\u00bb _builder_version=\u00a0\u00bb4.16&Prime; global_colors_info=\u00a0\u00bb{}\u00a0\u00bb][et_pb_fullwidth_header title=\u00a0\u00bbProjet pastoral\u00a0\u00bb content_max_width=\u00a0\u00bbnone\u00a0\u00bb title_font_color=\u00a0\u00bb#ffffff\u00a0\u00bb _builder_version=\u00a0\u00bb4.27.0&Prime; title_text_color=\u00a0\u00bb#ffffff\u00a0\u00bb background_color=\u00a0\u00bb#f4bd21&Prime; background_layout=\u00a0\u00bblight\u00a0\u00bb hover_enabled=\u00a0\u00bb0&Prime; button_one_letter_spacing_hover=\u00a0\u00bb0&Prime; button_two_letter_spacing_hover=\u00a0\u00bb0&Prime; global_colors_info=\u00a0\u00bb{}\u00a0\u00bb button_one_text_size__hover_enabled=\u00a0\u00bboff\u00a0\u00bb button_two_text_size__hover_enabled=\u00a0\u00bboff\u00a0\u00bb button_one_text_color__hover_enabled=\u00a0\u00bboff\u00a0\u00bb button_two_text_color__hover_enabled=\u00a0\u00bboff\u00a0\u00bb button_one_border_width__hover_enabled=\u00a0\u00bboff\u00a0\u00bb button_two_border_width__hover_enabled=\u00a0\u00bboff\u00a0\u00bb button_one_border_color__hover_enabled=\u00a0\u00bboff\u00a0\u00bb button_two_border_color__hover_enabled=\u00a0\u00bboff\u00a0\u00bb button_one_border_radius__hover_enabled=\u00a0\u00bboff\u00a0\u00bb button_two_border_radius__hover_enabled=\u00a0\u00bboff\u00a0\u00bb button_one_letter_spacing__hover_enabled=\u00a0\u00bbon\u00a0\u00bb button_one_letter_spacing__hover=\u00a0\u00bb0&Prime; button_two_letter_spacing__hover_enabled=\u00a0\u00bbon\u00a0\u00bb button_two_letter_spacing__hover=\u00a0\u00bb0&Prime; button_one_bg_color__hover_enabled=\u00a0\u00bboff\u00a0\u00bb button_two_bg_color__hover_enabled=\u00a0\u00bboff\u00a0\u00bb sticky_enabled=\u00a0\u00bb0&Prime;][\/et_pb_fullwidth_header][\/et_pb_section][et_pb_section fb_built=\u00a0\u00bb1&Prime; _builder_version=\u00a0\u00bb4.16&Prime; global_colors_info=\u00a0\u00bb{}\u00a0\u00bb][et_pb_row _builder_version=\u00a0\u00bb4.16&Prime; background_size=\u00a0\u00bbinitial\u00a0\u00bb background_position=\u00a0\u00bbtop_left\u00a0\u00bb background_repeat=\u00a0\u00bbrepeat\u00a0\u00bb global_colors_info=\u00a0\u00bb{}\u00a0\u00bb column_structure=\u00a0\u00bb1_3,2_3&Prime;][et_pb_column type=\u00a0\u00bb1_3&Prime; _builder_version=\u00a0\u00bb4.16&Prime; custom_padding=\u00a0\u00bb|||\u00a0\u00bb global_colors_info=\u00a0\u00bb{}\u00a0\u00bb custom_padding__hover=\u00a0\u00bb|||\u00a0\u00bb][et_pb_image src=\u00a0\u00bbhttps:\/\/ecolesainteanne.bzh\/wp-content\/uploads\/2017\/08\/catho.png\u00a0\u00bb align_tablet=\u00a0\u00bbcenter\u00a0\u00bb align_last_edited=\u00a0\u00bbon|desktop\u00a0\u00bb _builder_version=\u00a0\u00bb4.16&Prime; animation_style=\u00a0\u00bbslide\u00a0\u00bb animation_direction=\u00a0\u00bbleft\u00a0\u00bb animation_duration=\u00a0\u00bb500ms\u00a0\u00bb animation_intensity_slide=\u00a0\u00bb10%\u00a0\u00bb sticky=\u00a0\u00bboff\u00a0\u00bb border_style=\u00a0\u00bbsolid\u00a0\u00bb always_center_on_mobile=\u00a0\u00bbon\u00a0\u00bb global_colors_info=\u00a0\u00bb{}\u00a0\u00bb align_phone=\u00a0\u00bbcenter\u00a0\u00bb][\/et_pb_image][\/et_pb_column][et_pb_column type=\u00a0\u00bb2_3&Prime; _builder_version=\u00a0\u00bb4.16&Prime; custom_padding=\u00a0\u00bb|||\u00a0\u00bb global_colors_info=\u00a0\u00bb{}\u00a0\u00bb custom_padding__hover=\u00a0\u00bb|||\u00a0\u00bb][et_pb_text _builder_version=\u00a0\u00bb4.16&Prime; border_style=\u00a0\u00bbsolid\u00a0\u00bb global_colors_info=\u00a0\u00bb{}\u00a0\u00bb]L&rsquo;\u00e9cole Ste Anne\u00a0est une \u00e9cole catholique ouverte \u00e0 tous. Elle s&rsquo;inscrit dans la ligne de l&rsquo;enseignement catholique et veut ainsi former des personnes en \u00e9duquant \u00e0 des valeurs et en proposant la foi dans le respect des convictions de chacun.<\/p>\n<p>La pastorale se vit tous les jours \u00e0 l&rsquo;\u00e9cole:<\/p>\n<ul>\n<li>en d\u00e9veloppant un climat fraternel, fond\u00e9 sur le respect mutuel des personnes entre les enfants et aussi entre les enfants et les adultes qui les encadrent, avec le soutien des parents, cr\u00e9ant ainsi une communaut\u00e9 \u00e9ducative.<\/li>\n<li>en permettant de s&rsquo;approprier un h\u00e9ritage culturel par la d\u00e9couverte de nos racines chr\u00e9tiennes et de l&rsquo;histoire des religions<\/li>\n<li>en mettant en valeur les temps forts de la vie de l&rsquo;\u00e9glise en se basant sur le calendrier et les f\u00eates liturgiques (Toussaint, No\u00ebl, Car\u00eame, P\u00e2ques&#8230;)<\/li>\n<li>en cultivant la notion de g\u00e9n\u00e9rosit\u00e9 et de solidarit\u00e9, dans un souci d&rsquo;ouverture et par le soutien de projets divers (liens avec les actions du Secours Catholique&#8230;)<\/li>\n<li>en favorisant les liens avec la paroisse (participation \u00e0 la vie de la communaut\u00e9 : cat\u00e9ch\u00e8se, messe des familles, rassemblements des jeunes)<\/li>\n<\/ul>\n<p>&nbsp;<br \/>\n[\/et_pb_text][\/et_pb_column][\/et_pb_row][\/et_pb_section]<\/p>\n","protected":false},"excerpt":{"rendered":"<p>L&rsquo;\u00e9cole Ste Anne\u00a0est une \u00e9cole catholique ouverte \u00e0 tous. Elle s&rsquo;inscrit dans la ligne de l&rsquo;enseignement catholique et veut ainsi former des personnes en \u00e9duquant \u00e0 des valeurs et en [&hellip;]<\/p>\n","protected":false},"author":1,"featured_media":0,"parent":0,"menu_order":0,"comment_status":"closed","ping_status":"closed","template":"","meta":{"_et_pb_use_builder":"on","_et_pb_old_content":"","_et_gb_content_width":"","footnotes":""},"class_list":["post-95","page","type-page","status-publish","hentry"],"_links":{"self":[{"href":"https:\/\/ecolesainteanne.bzh\/index.php\/wp-json\/wp\/v2\/pages\/95","targetHints":{"allow":["GET"]}}],"collection":[{"href":"https:\/\/ecolesainteanne.bzh\/index.php\/wp-json\/wp\/v2\/pages"}],"about":[{"href":"https:\/\/ecolesainteanne.bzh\/index.php\/wp-json\/wp\/v2\/types\/page"}],"author":[{"embeddable":true,"href":"https:\/\/ecolesainteanne.bzh\/index.php\/wp-json\/wp\/v2\/users\/1"}],"replies":[{"embeddable":true,"href":"https:\/\/ecolesainteanne.bzh\/index.php\/wp-json\/wp\/v2\/comments?post=95"}],"version-history":[{"count":7,"href":"https:\/\/ecolesainteanne.bzh\/index.php\/wp-json\/wp\/v2\/pages\/95\/revisions"}],"predecessor-version":[{"id":1310,"href":"https:\/\/ecolesainteanne.bzh\/index.php\/wp-json\/wp\/v2\/pages\/95\/revisions\/1310"}],"wp:attachment":[{"href":"https:\/\/ecolesainteanne.bzh\/index.php\/wp-json\/wp\/v2\/media?parent=95"}],"curies":[{"name":"wp","href":"https:\/\/api.w.org\/{rel}","templated":true}]}}

<p>[et_pb_section fb_built= »1&Prime; fullwidth= »on » _builder_version= »4.16&Prime; global_colors_info= »{} »][et_pb_fullwidth_header title= »Projet pastoral » content_max_width= »none » title_font_color= »#ffffff » _builder_version= »4.27.0&Prime; title_text_color= »#ffffff » background_color= »#f4bd21&Prime; background_layout= »light » hover_enabled= »0&Prime; button_one_letter_spacing_hover= »0&Prime; button_two_letter_spacing_hover= »0&Prime; global_colors_info= »{} » button_one_text_size__hover_enabled= »off » button_two_text_size__hover_enabled= »off » button_one_text_color__hover_enabled= »off » button_two_text_color__hover_enabled= »off » button_one_border_width__hover_enabled= »off » button_two_border_width__hover_enabled= »off » button_one_border_color__hover_enabled= »off » button_two_border_color__hover_enabled= »off » button_one_border_radius__hover_enabled= »off » button_two_border_radius__hover_enabled= »off » button_one_letter_spacing__hover_enabled= »on » button_one_letter_spacing__hover= »0&Prime; button_two_letter_spacing__hover_enabled= »on » button_two_letter_spacing__hover= »0&Prime; button_one_bg_color__hover_enabled= »off » button_two_bg_color__hover_enabled= »off » sticky_enabled= »0&Prime;][/et_pb_fullwidth_header][/et_pb_section][et_pb_section fb_built= »1&Prime; _builder_version= »4.16&Prime; global_colors_info= »{} »][et_pb_row _builder_version= »4.16&Prime; background_size= »initial » background_position= »top_left » background_repeat= »repeat » global_colors_info= »{} » column_structure= »1_3,2_3&Prime;][et_pb_column type= »1_3&Prime; _builder_version= »4.16&Prime; custom_padding= »||| » global_colors_info= »{} » custom_padding__hover= »||| »][et_pb_image src= »https://ecolesainteanne.bzh/wp-content/uploads/2017/08/catho.png » align_tablet= »center » align_last_edited= »on|desktop » _builder_version= »4.16&Prime; animation_style= »slide » animation_direction= »left » animation_duration= »500ms » animation_intensity_slide= »10% » sticky= »off » border_style= »solid » always_center_on_mobile= »on » global_colors_info= »{} » align_phone= »center »][/et_pb_image][/et_pb_column][et_pb_column type= »2_3&Prime; _builder_version= »4.16&Prime; custom_padding= »||| » global_colors_info= »{} » custom_padding__hover= »||| »][et_pb_text _builder_version= »4.16&Prime; border_style= »solid » global_colors_info= »{} »]L&rsquo;école Ste Anne est une école catholique ouverte à tous. Elle s&rsquo;inscrit dans la ligne de l&rsquo;enseignement catholique et veut ainsi former des personnes en éduquant à des valeurs et en proposant la foi dans le respect des convictions de chacun.</p>
<p>La pastorale se vit tous les jours à l&rsquo;école:</p>
<ul>
<li>en développant un climat fraternel, fondé sur le respect mutuel des personnes entre les enfants et aussi entre les enfants et les adultes qui les encadrent, avec le soutien des parents, créant ainsi une communauté éducative.</li>
<li>en permettant de s&rsquo;approprier un héritage culturel par la découverte de nos racines chrétiennes et de l&rsquo;histoire des religions</li>
<li>en mettant en valeur les temps forts de la vie de l&rsquo;église en se basant sur le calendrier et les fêtes liturgiques (Toussaint, Noël, Carême, Pâques&#8230;)</li>
<li>en cultivant la notion de générosité et de solidarité, dans un souci d&rsquo;ouverture et par le soutien de projets divers (liens avec les actions du Secours Catholique&#8230;)</li>
<li>en favorisant les liens avec la paroisse (participation à la vie de la communauté : catéchèse, messe des familles, rassemblements des jeunes)</li>
</ul>
<p>&nbsp;<br />
[/et_pb_text][/et_pb_column][/et_pb_row][/et_pb_section]</p>

<p>L&rsquo;école Ste Anne est une école catholique ouverte à tous. Elle s&rsquo;inscrit dans la ligne de l&rsquo;enseignement catholique et veut ainsi former des personnes en éduquant à des valeurs et en [&hellip;]</p>
