{"id":47,"date":"2017-05-25T00:02:13","date_gmt":"2017-05-24T22:02:13","guid":{"rendered":"http:\/\/ecolesainteanne.bzh\/?page_id=47"},"modified":"2025-09-24T14:29:20","modified_gmt":"2025-09-24T12:29:20","slug":"assos","status":"publish","type":"page","link":"https:\/\/ecolesainteanne.bzh\/index.php\/assos\/","title":{"rendered":"APEL OGEC"},"content":{"rendered":"<p>[et_pb_section fb_built=\u00a0\u00bb1&Prime; _builder_version=\u00a0\u00bb4.16&Prime; global_colors_info=\u00a0\u00bb{}\u00a0\u00bb][et_pb_row _builder_version=\u00a0\u00bb4.16&Prime; background_size=\u00a0\u00bbinitial\u00a0\u00bb background_position=\u00a0\u00bbtop_left\u00a0\u00bb background_repeat=\u00a0\u00bbrepeat\u00a0\u00bb global_colors_info=\u00a0\u00bb{}\u00a0\u00bb][et_pb_column type=\u00a0\u00bb4_4&Prime; _builder_version=\u00a0\u00bb4.16&Prime; custom_padding=\u00a0\u00bb|||\u00a0\u00bb global_colors_info=\u00a0\u00bb{}\u00a0\u00bb custom_padding__hover=\u00a0\u00bb|||\u00a0\u00bb][et_pb_text _builder_version=\u00a0\u00bb4.16&Prime; background_size=\u00a0\u00bbinitial\u00a0\u00bb background_position=\u00a0\u00bbtop_left\u00a0\u00bb background_repeat=\u00a0\u00bbrepeat\u00a0\u00bb global_colors_info=\u00a0\u00bb{}\u00a0\u00bb]<\/p>\n<p style=\"text-align: center;\"><span style=\"color: #993300;\">L&rsquo;APEL est l&rsquo;association des parents d&rsquo;\u00e9l\u00e8ves qui \u0153uvre pour r\u00e9colter des fonds afin de financer les activit\u00e9s et sorties des \u00e9l\u00e8ves.<\/span><\/p>\n<p style=\"text-align: center;\"><span style=\"color: #993300;\">Elle organise \u00e9galement des \u00e9v\u00e8nements de convivialit\u00e9 (pot de rentr\u00e9e, kermesse, march\u00e9 de No\u00ebl, f\u00eate du printemps, spectacle de No\u00ebl) afin de rendre l&rsquo;\u00e9cole dynamique et familiale !<\/span><\/p>\n<p>&nbsp;<\/p>\n<p>&nbsp;<\/p>\n<p style=\"text-align: center;\"><span style=\"color: #ff6600;\">L&rsquo;OGEC est l&rsquo;organisme de gestion de l&rsquo;\u00e9cole. Elle est repr\u00e9sent\u00e9e par des parents et personnes soutien \u00e0 l&rsquo;\u00e9cole. L&rsquo;OGEC est l&#8217;employeur des personnels non -enseignant de l&rsquo;\u00e9cole et assure la gestion des locaux de l&rsquo;\u00e9cole.<\/span><\/p>\n<p>[\/et_pb_text][\/et_pb_column][\/et_pb_row][\/et_pb_section][et_pb_section fb_built=\u00a0\u00bb1&Prime; theme_builder_area=\u00a0\u00bbpost_content\u00a0\u00bb _builder_version=\u00a0\u00bb4.27.0&Prime; _module_preset=\u00a0\u00bbdefault\u00a0\u00bb hover_enabled=\u00a0\u00bb0&Prime; sticky_enabled=\u00a0\u00bb0&Prime; admin_label=\u00a0\u00bbSection\u00a0\u00bb][et_pb_row _builder_version=\u00a0\u00bb4.27.0&Prime; _module_preset=\u00a0\u00bbdefault\u00a0\u00bb theme_builder_area=\u00a0\u00bbpost_content\u00a0\u00bb][et_pb_column _builder_version=\u00a0\u00bb4.27.0&Prime; _module_preset=\u00a0\u00bbdefault\u00a0\u00bb type=\u00a0\u00bb4_4&Prime; theme_builder_area=\u00a0\u00bbpost_content\u00a0\u00bb][et_pb_gallery _builder_version=\u00a0\u00bb4.27.0&Prime; _module_preset=\u00a0\u00bbdefault\u00a0\u00bb theme_builder_area=\u00a0\u00bbpost_content\u00a0\u00bb gallery_ids=\u00a0\u00bb1452,1451,1450,1449,1448,1447,1446,1445,1444&Prime; hover_enabled=\u00a0\u00bb0&Prime; sticky_enabled=\u00a0\u00bb0&Prime; show_title_and_caption=\u00a0\u00bboff\u00a0\u00bb show_pagination=\u00a0\u00bboff\u00a0\u00bb][\/et_pb_gallery][\/et_pb_column][\/et_pb_row][\/et_pb_section]<\/p>\n","protected":false},"excerpt":{"rendered":"<p>L&rsquo;APEL est l&rsquo;association des parents d&rsquo;\u00e9l\u00e8ves qui \u0153uvre pour r\u00e9colter des fonds afin de financer les activit\u00e9s et sorties des \u00e9l\u00e8ves. Elle organise \u00e9galement des \u00e9v\u00e8nements de convivialit\u00e9 (pot de [&hellip;]<\/p>\n","protected":false},"author":1,"featured_media":0,"parent":0,"menu_order":0,"comment_status":"closed","ping_status":"closed","template":"","meta":{"_et_pb_use_builder":"on","_et_pb_old_content":"<p style=\"text-align: center;\"><span style=\"color: #993300;\">L'APEL est l'association des parents d'\u00e9l\u00e8ves qui \u0153uvre pour r\u00e9colter des fonds afin de financer les activit\u00e9s et sorties des \u00e9l\u00e8ves.<\/span><\/p><p style=\"text-align: center;\"><span style=\"color: #993300;\">Elle organise \u00e9galement des \u00e9v\u00e8nements de convivialit\u00e9 (pot de rentr\u00e9e, kermesse, march\u00e9 de No\u00ebl, f\u00eate du printemps, spectacle de No\u00ebl) afin de rendre l'\u00e9cole dynamique et familiale !<\/span><\/p><p>\u00a0<\/p><p>\u00a0<\/p><p style=\"text-align: center;\"><span style=\"color: #ff6600;\">L'OGEC est l'organisme de gestion de l'\u00e9cole. Elle est repr\u00e9sent\u00e9e par des parents et personnes soutien \u00e0 l'\u00e9cole. L'OGEC est l'employeur des personnels non -enseignant de l'\u00e9cole et assure la gestion des locaux de l'\u00e9cole.<\/span><\/p>","_et_gb_content_width":"","footnotes":""},"class_list":["post-47","page","type-page","status-publish","hentry"],"_links":{"self":[{"href":"https:\/\/ecolesainteanne.bzh\/index.php\/wp-json\/wp\/v2\/pages\/47","targetHints":{"allow":["GET"]}}],"collection":[{"href":"https:\/\/ecolesainteanne.bzh\/index.php\/wp-json\/wp\/v2\/pages"}],"about":[{"href":"https:\/\/ecolesainteanne.bzh\/index.php\/wp-json\/wp\/v2\/types\/page"}],"author":[{"embeddable":true,"href":"https:\/\/ecolesainteanne.bzh\/index.php\/wp-json\/wp\/v2\/users\/1"}],"replies":[{"embeddable":true,"href":"https:\/\/ecolesainteanne.bzh\/index.php\/wp-json\/wp\/v2\/comments?post=47"}],"version-history":[{"count":5,"href":"https:\/\/ecolesainteanne.bzh\/index.php\/wp-json\/wp\/v2\/pages\/47\/revisions"}],"predecessor-version":[{"id":1457,"href":"https:\/\/ecolesainteanne.bzh\/index.php\/wp-json\/wp\/v2\/pages\/47\/revisions\/1457"}],"wp:attachment":[{"href":"https:\/\/ecolesainteanne.bzh\/index.php\/wp-json\/wp\/v2\/media?parent=47"}],"curies":[{"name":"wp","href":"https:\/\/api.w.org\/{rel}","templated":true}]}}