{"id":101,"date":"2017-08-18T17:44:21","date_gmt":"2017-08-18T15:44:21","guid":{"rendered":"http:\/\/ecolesainteanne.bzh\/?page_id=101"},"modified":"2025-09-24T14:34:07","modified_gmt":"2025-09-24T12:34:07","slug":"a-p-e-l","status":"publish","type":"page","link":"https:\/\/ecolesainteanne.bzh\/index.php\/assos\/a-p-e-l\/","title":{"rendered":"A.P.E.L"},"content":{"rendered":"<p>[et_pb_section fb_built=\u00a0\u00bb1&Prime; fullwidth=\u00a0\u00bbon\u00a0\u00bb _builder_version=\u00a0\u00bb4.16&Prime; global_colors_info=\u00a0\u00bb{}\u00a0\u00bb][et_pb_fullwidth_header title=\u00a0\u00bbL&rsquo;A.P.E.L : Association des Parents d\u2019\u00e9l\u00e8ves de l\u2019Enseignement Libre\u00a0\u00bb content_max_width=\u00a0\u00bbnone\u00a0\u00bb title_font_color=\u00a0\u00bb#ffffff\u00a0\u00bb _builder_version=\u00a0\u00bb4.16&Prime; title_text_color=\u00a0\u00bb#ffffff\u00a0\u00bb background_color=\u00a0\u00bb#3571a5&Prime; background_layout=\u00a0\u00bblight\u00a0\u00bb button_one_letter_spacing_hover=\u00a0\u00bb0&Prime; button_two_letter_spacing_hover=\u00a0\u00bb0&Prime; global_colors_info=\u00a0\u00bb{}\u00a0\u00bb button_one_text_size__hover_enabled=\u00a0\u00bboff\u00a0\u00bb button_two_text_size__hover_enabled=\u00a0\u00bboff\u00a0\u00bb button_one_text_color__hover_enabled=\u00a0\u00bboff\u00a0\u00bb button_two_text_color__hover_enabled=\u00a0\u00bboff\u00a0\u00bb button_one_border_width__hover_enabled=\u00a0\u00bboff\u00a0\u00bb button_two_border_width__hover_enabled=\u00a0\u00bboff\u00a0\u00bb button_one_border_color__hover_enabled=\u00a0\u00bboff\u00a0\u00bb button_two_border_color__hover_enabled=\u00a0\u00bboff\u00a0\u00bb button_one_border_radius__hover_enabled=\u00a0\u00bboff\u00a0\u00bb button_two_border_radius__hover_enabled=\u00a0\u00bboff\u00a0\u00bb button_one_letter_spacing__hover_enabled=\u00a0\u00bbon\u00a0\u00bb button_one_letter_spacing__hover=\u00a0\u00bb0&Prime; button_two_letter_spacing__hover_enabled=\u00a0\u00bbon\u00a0\u00bb button_two_letter_spacing__hover=\u00a0\u00bb0&Prime; button_one_bg_color__hover_enabled=\u00a0\u00bboff\u00a0\u00bb button_two_bg_color__hover_enabled=\u00a0\u00bboff\u00a0\u00bb][\/et_pb_fullwidth_header][\/et_pb_section][et_pb_section fb_built=\u00a0\u00bb1&Prime; _builder_version=\u00a0\u00bb4.16&Prime; global_colors_info=\u00a0\u00bb{}\u00a0\u00bb][et_pb_row _builder_version=\u00a0\u00bb4.16&Prime; background_size=\u00a0\u00bbinitial\u00a0\u00bb background_position=\u00a0\u00bbtop_left\u00a0\u00bb background_repeat=\u00a0\u00bbrepeat\u00a0\u00bb global_colors_info=\u00a0\u00bb{}\u00a0\u00bb column_structure=\u00a0\u00bb1_2,1_2&Prime;][et_pb_column type=\u00a0\u00bb1_2&Prime; _builder_version=\u00a0\u00bb4.16&Prime; custom_padding=\u00a0\u00bb|||\u00a0\u00bb global_colors_info=\u00a0\u00bb{}\u00a0\u00bb custom_padding__hover=\u00a0\u00bb|||\u00a0\u00bb][et_pb_text _builder_version=\u00a0\u00bb4.16&Prime; border_style=\u00a0\u00bbsolid\u00a0\u00bb global_colors_info=\u00a0\u00bb{}\u00a0\u00bb]<strong>Vos comp\u00e9tences, vos talents, votre enthousiasme, ou tout simplement votre int\u00e9r\u00eat personnel vous poussent \u00e0 participer \u00e0 la vie de votre \u00e9tablissement ? Vous \u00eates les bienvenus !<\/strong> L\u2019 Apel vous aide, en fonction de vos disponibilit\u00e9s, \u00e0 vous impliquer \u00e0 plusieurs niveaux.<\/p>\n<p>L\u2019Apel repr\u00e9sente le\u00a0lien entre l\u2019\u00e9cole et les parents d\u2019\u00e9l\u00e8ves.\u00a0Elle s\u2019implique dans la vie de l\u2019\u00e9cole. Nos actions visent \u00e0 r\u00e9colter des fonds pour participer \u00e0 la mise en place des projets de l\u2019\u00e9cole.<\/p>\n<p>Nous ne pouvons fonctionner sans l\u2019aide pr\u00e9cieuse des uns et des autres. L\u2019Apel c\u2019est aussi des rencontres, des liens, des partages d\u2019exp\u00e9rience entre parents. Une aventure \u00e0 vivre\u2026<\/p>\n<p>&nbsp;<\/p>\n<p><strong>Le r\u00f4le de l&rsquo;APEL: la parole aux parents<\/strong><\/p>\n<p>&nbsp;<\/p>\n<div style=\"position: relative; height: 0; padding-bottom: 56.25%;\"><iframe loading=\"lazy\" style=\"position: absolute; width: 100%; height: 100%; left: 0;\" src=\"https:\/\/www.youtube.com\/embed\/PaeqGl4ttTA?ecver=2\" width=\"640\" height=\"360\" frameborder=\"0\" allowfullscreen=\"allowfullscreen\"><\/iframe><\/div>\n<div><\/div>\n<div><\/div>\n<p>[\/et_pb_text][\/et_pb_column][et_pb_column type=\u00a0\u00bb1_2&Prime; _builder_version=\u00a0\u00bb4.16&Prime; custom_padding=\u00a0\u00bb|||\u00a0\u00bb global_colors_info=\u00a0\u00bb{}\u00a0\u00bb custom_padding__hover=\u00a0\u00bb|||\u00a0\u00bb][et_pb_text _builder_version=\u00a0\u00bb4.16&Prime; border_style=\u00a0\u00bbsolid\u00a0\u00bb global_colors_info=\u00a0\u00bb{}\u00a0\u00bb]Nous sommes <strong>des parents qui veulent apporter un plus \u00e0 l\u2019\u00e9cole de nos enfants<\/strong> dans un esprit agr\u00e9able et convivial. Outre le fait de permettre aux parents de se rencontrer, les manifestations financent des projets.<\/p>\n<p>Par exemple,<\/p>\n<p><strong>Nos actions :<\/strong><\/p>\n<ul>\n<li>vente de viennoiseries<\/li>\n<li>vente de paniers de l\u00e9gumes<\/li>\n<li>organisation arbre de No\u00ebl et kermesse (avec repas)<\/li>\n<li>soir\u00e9e couscous-karaok\u00e9<\/li>\n<li>th\u00e9 dansant \u00e0 Etel<\/li>\n<li>organisation de conf\u00e9rences&#8230;<\/li>\n<\/ul>\n<p><strong>Pour le financement\u00a0:<\/strong><\/p>\n<ul>\n<li>des jeux de cours (ballons, raquettes, cordes \u00e0 sauter\u2026)<\/li>\n<li>du mat\u00e9riel informatique<\/li>\n<li>d\u2019une partie des activit\u00e9s (voile, ..)\u00a0 et des sorties des classes<\/li>\n<\/ul>\n<p>[\/et_pb_text][et_pb_toggle title=\u00a0\u00bbComment je peux aider l\u2019APEL ?\u00a0\u00bb _builder_version=\u00a0\u00bb4.16&Prime; border_style=\u00a0\u00bbsolid\u00a0\u00bb global_colors_info=\u00a0\u00bb{}\u00a0\u00bb]Diverses fa\u00e7ons de participer\u00a0selon votre temps, (rien qu\u2019une petite heure mais multipli\u00e9e par 35 familles, \u00e7a aide) votre envie, mais aussi vos comp\u00e9tences (bricoler en montant un nouveau meuble, repeindre une cabane, regonfler des ballons, cuisiner, r\u00e9colter des lots, etc\u2026)<br \/>\n[\/et_pb_toggle][et_pb_toggle title=\u00a0\u00bbO\u00f9 sont les infos de l\u2019APEL ?\u00a0\u00bb _builder_version=\u00a0\u00bb4.16&Prime; border_style=\u00a0\u00bbsolid\u00a0\u00bb global_colors_info=\u00a0\u00bb{}\u00a0\u00bb]3 moyens de conna\u00eetre l\u2019actualit\u00e9 de l\u2019APEL\u00a0:<\/p>\n<p>&#8211; l\u2019info dans les\u00a0cahiers de correspondance\/ pochettes pour les maternelles<br \/>\n&#8211; l\u2019affichage sur le\u00a0tableau d\u2019infos<br \/>\n&#8211; le\u00a0site de l&rsquo;\u00e9cole \/ la page Facebook de l&rsquo;\u00e9cole<br \/>\n[\/et_pb_toggle][et_pb_gallery _builder_version=\u00a0\u00bb4.27.0&Prime; _module_preset=\u00a0\u00bbdefault\u00a0\u00bb gallery_ids=\u00a0\u00bb1452,1451,1450,1449,1448,1447,1446,1445,1444&Prime; hover_enabled=\u00a0\u00bb0&Prime; sticky_enabled=\u00a0\u00bb0&Prime; show_title_and_caption=\u00a0\u00bboff\u00a0\u00bb show_pagination=\u00a0\u00bboff\u00a0\u00bb][\/et_pb_gallery][\/et_pb_column][\/et_pb_row][\/et_pb_section]<\/p>\n","protected":false},"excerpt":{"rendered":"<p>Vos comp\u00e9tences, vos talents, votre enthousiasme, ou tout simplement votre int\u00e9r\u00eat personnel vous poussent \u00e0 participer \u00e0 la vie de votre \u00e9tablissement ? Vous \u00eates les bienvenus ! L\u2019 Apel [&hellip;]<\/p>\n","protected":false},"author":1,"featured_media":0,"parent":47,"menu_order":0,"comment_status":"closed","ping_status":"closed","template":"","meta":{"_et_pb_use_builder":"on","_et_pb_old_content":"","_et_gb_content_width":"","footnotes":""},"class_list":["post-101","page","type-page","status-publish","hentry"],"_links":{"self":[{"href":"https:\/\/ecolesainteanne.bzh\/index.php\/wp-json\/wp\/v2\/pages\/101","targetHints":{"allow":["GET"]}}],"collection":[{"href":"https:\/\/ecolesainteanne.bzh\/index.php\/wp-json\/wp\/v2\/pages"}],"about":[{"href":"https:\/\/ecolesainteanne.bzh\/index.php\/wp-json\/wp\/v2\/types\/page"}],"author":[{"embeddable":true,"href":"https:\/\/ecolesainteanne.bzh\/index.php\/wp-json\/wp\/v2\/users\/1"}],"replies":[{"embeddable":true,"href":"https:\/\/ecolesainteanne.bzh\/index.php\/wp-json\/wp\/v2\/comments?post=101"}],"version-history":[{"count":16,"href":"https:\/\/ecolesainteanne.bzh\/index.php\/wp-json\/wp\/v2\/pages\/101\/revisions"}],"predecessor-version":[{"id":1463,"href":"https:\/\/ecolesainteanne.bzh\/index.php\/wp-json\/wp\/v2\/pages\/101\/revisions\/1463"}],"up":[{"embeddable":true,"href":"https:\/\/ecolesainteanne.bzh\/index.php\/wp-json\/wp\/v2\/pages\/47"}],"wp:attachment":[{"href":"https:\/\/ecolesainteanne.bzh\/index.php\/wp-json\/wp\/v2\/media?parent=101"}],"curies":[{"name":"wp","href":"https:\/\/api.w.org\/{rel}","templated":true}]}}